{"id":4185,"date":"2015-10-23T10:19:08","date_gmt":"2015-10-23T08:19:08","guid":{"rendered":"http:\/\/www.rhexpat.com\/blog\/register\/"},"modified":"2017-05-23T14:27:27","modified_gmt":"2017-05-23T12:27:27","slug":"register-3","status":"publish","type":"page","link":"https:\/\/www.rhexpat.com\/blog\/register-3\/","title":{"rendered":"Devenir membre"},"content":{"rendered":"<p>[vc_row][vc_column][vc_column_text]<\/p>\n<p style=\"text-align: center;\"><span style=\"font-size: 18pt;\">DEVENIR MEMBRE<\/span><\/p>\n<p>[\/vc_column_text][\/vc_column][\/vc_row][vc_row][vc_column][vc_column_text]\n<div class=\"um um-register um-4177\">\n\t<div class=\"um-form\" data-mode=\"register\">\n\t\t<form method=\"post\" action=\"\">\n\t\t\t<div class=\"um-row _um_row_1 \" style=\"margin: 0 0 30px 0;\"><div class=\"um-col-1\"><div  class=\"um-field um-field-block  um-field-block um-field-type_block\" data-key=\"um_block_4177_9\"><p style=\"text-align: justify;\">Afin que notre site soit un v\u00e9ritable espace d'\u00e9change entre professionnels de la mobilit\u00e9 internationale nous limitons l'enregistrement et l'acc\u00e8s aux professionnels RH et experts en mobilit\u00e9 internationale (seuls les membres avec une adresse mail professionnelle seront admis).<\/p>\r\n<p style=\"text-align: justify;\">Apr\u00e8s avoir compl\u00e9t\u00e9 ce formulaire, si les informations sont compl\u00e8tes et que vous \u00eates un professionnel RH\/MI votre compte sera cr\u00e9\u00e9. Vous serez alors inform\u00e9 de son activation.<\/p>\r\n<p style=\"text-align: justify;\">L'inscription est gratuite et sans aucun engagement.<\/p>\r\n<p style=\"text-align: justify;\"><span style=\"color: #ff6600;\"><strong>Votre profil est uniquement visible par les autres membres lorsqu'ils sont connect\u00e9s. <\/strong><\/span><\/p><\/div><\/div><\/div><div class=\"um-row _um_row_2 \" style=\"margin: 0 0 30px 0;\"><div class=\"um-col-1\"><div  id=\"um_field_4177_first_name\" class=\"um-field um-field-text  um-field-first_name um-field-text um-field-type_text\" data-key=\"first_name\"><div class=\"um-field-label\"><label for=\"first_name-4177\">Pr\u00e9nom<\/label><div class=\"um-clear\"><\/div><\/div><div class=\"um-field-area\"><input  autocomplete=\"off\" class=\"um-form-field valid \" type=\"text\" name=\"first_name-4177\" id=\"first_name-4177\" value=\"\" placeholder=\"\" data-validate=\"\" data-key=\"first_name\"  aria-invalid=\"false\" \/>\n\n\t\t\t\t\t\t<\/div><\/div><div  id=\"um_field_4177_last_name\" class=\"um-field um-field-text  um-field-last_name um-field-text um-field-type_text\" data-key=\"last_name\"><div class=\"um-field-label\"><label for=\"last_name-4177\">Nom<\/label><div class=\"um-clear\"><\/div><\/div><div class=\"um-field-area\"><input  autocomplete=\"off\" class=\"um-form-field valid \" type=\"text\" name=\"last_name-4177\" id=\"last_name-4177\" value=\"\" placeholder=\"\" data-validate=\"\" data-key=\"last_name\"  aria-invalid=\"false\" \/>\n\n\t\t\t\t\t\t<\/div><\/div><div  id=\"um_field_4177_user_email\" class=\"um-field um-field-text  um-field-user_email um-field-text um-field-type_text\" data-key=\"user_email\"><div class=\"um-field-label\"><label for=\"user_email-4177\">E-mail<\/label><div class=\"um-clear\"><\/div><\/div><div class=\"um-field-area\"><input  autocomplete=\"off\" class=\"um-form-field valid \" type=\"text\" name=\"user_email-4177\" id=\"user_email-4177\" value=\"\" placeholder=\"Votre e-mail professionnel uniquement\" data-validate=\"unique_email\" data-key=\"user_email\"  aria-invalid=\"false\" \/>\n\n\t\t\t\t\t\t<\/div><\/div><div  id=\"um_field_4177_Societe\" class=\"um-field um-field-text  um-field-Societe um-field-text um-field-type_text\" data-key=\"Societe\"><div class=\"um-field-label\"><label for=\"Societe-4177\">Soci\u00e9t\u00e9<\/label><div class=\"um-clear\"><\/div><\/div><div class=\"um-field-area\"><input  autocomplete=\"off\" class=\"um-form-field valid \" type=\"text\" name=\"Societe-4177\" id=\"Societe-4177\" value=\"\" placeholder=\"\" data-validate=\"alphabetic\" data-key=\"Societe\"  aria-invalid=\"false\" \/>\n\n\t\t\t\t\t\t<\/div><\/div><div  id=\"um_field_4177_Fonction\" class=\"um-field um-field-text  um-field-Fonction um-field-text um-field-type_text\" data-key=\"Fonction\"><div class=\"um-field-label\"><label for=\"Fonction-4177\">Fonction<\/label><div class=\"um-clear\"><\/div><\/div><div class=\"um-field-area\"><input  autocomplete=\"off\" class=\"um-form-field valid \" type=\"text\" name=\"Fonction-4177\" id=\"Fonction-4177\" value=\"\" placeholder=\"\" data-validate=\"0\" data-key=\"Fonction\"  aria-invalid=\"false\" \/>\n\n\t\t\t\t\t\t<\/div><\/div><div  id=\"um_field_4177_linkedin\" class=\"um-field um-field-url  um-field-linkedin um-field-url um-field-type_url\" data-key=\"linkedin\"><div class=\"um-field-label\"><div class=\"um-field-label-icon\"><i class=\"um-faicon-linkedin\" aria-label=\"LinkedIn\"><\/i><\/div><label for=\"linkedin-4177\">LinkedIn<\/label><div class=\"um-clear\"><\/div><\/div><div class=\"um-field-area\"><input    class=\"um-form-field valid \" type=\"text\" name=\"linkedin-4177\" id=\"linkedin-4177\" value=\"\" placeholder=\"URL de votre profil Linkedin\" data-validate=\"linkedin_url\" data-key=\"linkedin\"  aria-invalid=\"false\" \/>\n\n\t\t\t\t\t\t<\/div><\/div><div  id=\"um_field_4177_user_password\" class=\"um-field um-field-password  um-field-user_password um-field-password um-field-type_password\" data-key=\"user_password\"><div class=\"um-field-label\"><label for=\"user_password-4177\">Mot de passe<\/label><div class=\"um-clear\"><\/div><\/div><div class=\"um-field-area\"><input class=\"um-form-field valid \" type=\"password\" name=\"user_password-4177\" id=\"user_password-4177\" value=\"\" placeholder=\"\" data-validate=\"\" data-key=\"user_password\"  aria-invalid=\"false\" \/>\n\n\t\t\t\t\t\t\t<\/div><\/div><div  id=\"um_field_4177_confirm_user_password\" class=\"um-field um-field-password  um-field-user_password um-field-password um-field-type_password\" data-key=\"confirm_user_password\"><div class=\"um-field-label\"><label for=\"confirm_user_password-4177\">Confirmer le Mot de passe<\/label><div class=\"um-clear\"><\/div><\/div><div class=\"um-field-area\"><input class=\"um-form-field valid \" type=\"password\" name=\"confirm_user_password-4177\" id=\"confirm_user_password-4177\" value=\"\" placeholder=\"Confirmer le Mot de passe\" data-validate=\"\" data-key=\"confirm_user_password\"  aria-invalid=\"false\" \/><\/div><\/div><\/div><\/div>\n<!-- This file should primarily consist of HTML with a little bit of PHP. -->\n<div class=\"um-field um-field-type_terms_conditions\" data-key=\"use_terms_conditions_agreement\" style=\"display:block;padding:0;\">\n\t<div class=\"um-field-area\">\n\t\t<div class=\"um-gdpr-content\" style=\"display:none;\">\n\t\t\t<p><a href=\"http:\/\/www.rhexpat.com\/blog\/politique-de-confidentialite\/\" target=\"_blank\" rel=\"noopener\">Voir notre politique de confidentialit\u00e9<\/a><\/p>\n\t\t<\/div>\n\t\t<a href=\"javascript:void(0);\" class=\"um-toggle-gdpr\" data-toggle-state=\"hidden\"\n\t\t\tdata-toggle-show=\"Afficher la politique de confidentialit\u00e9\"\n\t\t\tdata-toggle-hide=\"Masquer la politique de confidentialit\u00e9\">\n\t\t\tAfficher la politique de confidentialit\u00e9\t\t<\/a>\n\t<\/div>\n\t<div class=\"um-field-area\">\n\t\t<label class=\"um-field-checkbox\">\n\t\t\t<input type=\"checkbox\" name=\"use_gdpr_agreement\" value=\"1\">\n\t\t\t<span class=\"um-field-checkbox-state\"><i class=\"um-icon-android-checkbox-outline-blank\"><\/i><\/span>\n\t\t\t<span class=\"um-field-checkbox-option\">J&#039;ai lu et accepte la politique de confidentialit\u00e9<\/span>\n\t\t<\/label>\n\t\t<div class=\"um-clear\"><\/div>\n\t\t\t\t<div class=\"um-clear\"><\/div>\n\t<\/div>\n<\/div>\n\t<input type=\"hidden\" name=\"form_id\" id=\"form_id_4177\" value=\"4177\" \/>\n\t\t<p class=\"um_request_name\">\n\t\t<label for=\"um_request_4177\">Only fill in if you are not human<\/label>\n\t\t<input type=\"hidden\" name=\"um_request\" id=\"um_request_4177\" class=\"input\" value=\"\" size=\"25\" autocomplete=\"off\" \/>\n\t<\/p>\n\t<input type=\"hidden\" id=\"_wpnonce\" name=\"_wpnonce\" value=\"52f6846dda\" \/><input type=\"hidden\" name=\"_wp_http_referer\" value=\"\/blog\/wp-json\/wp\/v2\/pages\/4185\" \/>\n\t<div class=\"um-col-alt\">\n\n\t\t\n\t\t\t<div class=\"um-center\">\n\t\t\t\t<input type=\"submit\" value=\"Envoyer\" class=\"um-button\" id=\"um-submit-btn\" \/>\n\t\t\t<\/div>\n\n\t\t\n\t\t<div class=\"um-clear\"><\/div>\n\n\t<\/div>\n\n\t\t\t<\/form>\n\t<\/div>\n<\/div>\n<style>\n\t\t\t.um-4177.um {\n\t\t\tmax-width: 450px;\n\t\t}\n\t\t<\/style>\n[\/vc_column_text][\/vc_column][\/vc_row]<\/p>\n","protected":false},"excerpt":{"rendered":"<p>[vc_row][vc_column][vc_column_text] DEVENIR MEMBRE [\/vc_column_text][\/vc_column][\/vc_row][vc_row][vc_column][vc_column_text][\/vc_column_text][\/vc_column][\/vc_row]<\/p>\n","protected":false},"author":1,"featured_media":0,"parent":0,"menu_order":0,"comment_status":"closed","ping_status":"closed","template":"","meta":{"generate_page_header":"","footnotes":""},"class_list":["post-4185","page","type-page","status-publish"],"_links":{"self":[{"href":"https:\/\/www.rhexpat.com\/blog\/wp-json\/wp\/v2\/pages\/4185","targetHints":{"allow":["GET"]}}],"collection":[{"href":"https:\/\/www.rhexpat.com\/blog\/wp-json\/wp\/v2\/pages"}],"about":[{"href":"https:\/\/www.rhexpat.com\/blog\/wp-json\/wp\/v2\/types\/page"}],"author":[{"embeddable":true,"href":"https:\/\/www.rhexpat.com\/blog\/wp-json\/wp\/v2\/users\/1"}],"replies":[{"embeddable":true,"href":"https:\/\/www.rhexpat.com\/blog\/wp-json\/wp\/v2\/comments?post=4185"}],"version-history":[{"count":9,"href":"https:\/\/www.rhexpat.com\/blog\/wp-json\/wp\/v2\/pages\/4185\/revisions"}],"predecessor-version":[{"id":7606,"href":"https:\/\/www.rhexpat.com\/blog\/wp-json\/wp\/v2\/pages\/4185\/revisions\/7606"}],"wp:attachment":[{"href":"https:\/\/www.rhexpat.com\/blog\/wp-json\/wp\/v2\/media?parent=4185"}],"curies":[{"name":"wp","href":"https:\/\/api.w.org\/{rel}","templated":true}]}}