{"id":4511,"date":"2015-11-19T18:09:35","date_gmt":"2015-11-19T16:09:35","guid":{"rendered":"http:\/\/www.rhexpat.com\/blog\/?page_id=4511"},"modified":"2017-05-23T15:01:00","modified_gmt":"2017-05-23T13:01:00","slug":"fiches-pays","status":"publish","type":"page","link":"https:\/\/www.rhexpat.com\/blog\/fiches-pays\/","title":{"rendered":"Fiches pays"},"content":{"rendered":"<p>[vc_row][vc_column][vc_column_text]<\/p>\n<p style=\"text-align: justify;\">Retrouvez pour chaque pays les liens vers les sites les plus importants o\u00f9 vous trouverez des informations sur les sujets li\u00e9s \u00e0 la mobilit\u00e9 internationale des salari\u00e9s.<\/p>\n<p>[\/vc_column_text][\/vc_column][vc_column][vc_basic_grid post_type=&#8221;post&#8221; max_items=&#8221;100&#8243; style=&#8221;lazy&#8221; items_per_page=&#8221;15&#8243; element_width=&#8221;2&#8243; orderby=&#8221;title&#8221; order=&#8221;ASC&#8221; item=&#8221;5190&#8243; initial_loading_animation=&#8221;none&#8221; grid_id=&#8221;vc_gid:1495544432770-c897afe5-3b30-9&#8243; taxonomies=&#8221;217&#8243;][\/vc_column][\/vc_row]<\/p>\n","protected":false},"excerpt":{"rendered":"<p>[vc_row][vc_column][vc_column_text] Retrouvez pour chaque pays les liens vers les sites les plus importants o\u00f9 vous trouverez des informations sur les sujets li\u00e9s \u00e0 la mobilit\u00e9 internationale des salari\u00e9s. [\/vc_column_text][\/vc_column][vc_column][vc_basic_grid post_type=&#8221;post&#8221; max_items=&#8221;100&#8243; style=&#8221;lazy&#8221; items_per_page=&#8221;15&#8243; element_width=&#8221;2&#8243; orderby=&#8221;title&#8221; order=&#8221;ASC&#8221; item=&#8221;5190&#8243; initial_loading_animation=&#8221;none&#8221; grid_id=&#8221;vc_gid:1495544432770-c897afe5-3b30-9&#8243; taxonomies=&#8221;217&#8243;][\/vc_column][\/vc_row]<\/p>\n","protected":false},"author":1,"featured_media":0,"parent":0,"menu_order":0,"comment_status":"closed","ping_status":"closed","template":"","meta":{"generate_page_header":"","footnotes":""},"class_list":["post-4511","page","type-page","status-publish"],"_links":{"self":[{"href":"https:\/\/www.rhexpat.com\/blog\/wp-json\/wp\/v2\/pages\/4511","targetHints":{"allow":["GET"]}}],"collection":[{"href":"https:\/\/www.rhexpat.com\/blog\/wp-json\/wp\/v2\/pages"}],"about":[{"href":"https:\/\/www.rhexpat.com\/blog\/wp-json\/wp\/v2\/types\/page"}],"author":[{"embeddable":true,"href":"https:\/\/www.rhexpat.com\/blog\/wp-json\/wp\/v2\/users\/1"}],"replies":[{"embeddable":true,"href":"https:\/\/www.rhexpat.com\/blog\/wp-json\/wp\/v2\/comments?post=4511"}],"version-history":[{"count":26,"href":"https:\/\/www.rhexpat.com\/blog\/wp-json\/wp\/v2\/pages\/4511\/revisions"}],"predecessor-version":[{"id":7611,"href":"https:\/\/www.rhexpat.com\/blog\/wp-json\/wp\/v2\/pages\/4511\/revisions\/7611"}],"wp:attachment":[{"href":"https:\/\/www.rhexpat.com\/blog\/wp-json\/wp\/v2\/media?parent=4511"}],"curies":[{"name":"wp","href":"https:\/\/api.w.org\/{rel}","templated":true}]}}